{"id":2058,"date":"2022-03-10T17:17:28","date_gmt":"2022-03-10T16:17:28","guid":{"rendered":"https:\/\/www.rfcomputer.it\/?page_id=2058"},"modified":"2022-03-10T17:17:28","modified_gmt":"2022-03-10T16:17:28","slug":"spedisci-il-tuo-dispositivo","status":"publish","type":"page","link":"https:\/\/www.rfcomputer.it\/?page_id=2058","title":{"rendered":"Spediscici la tua riparazione"},"content":{"rendered":"<p>[vc_row][vc_column][vc_single_image image=&#8221;2065&#8243; img_size=&#8221;large&#8221; alignment=&#8221;center&#8221; css_animation=&#8221;fadeInUp&#8221;][\/vc_column][\/vc_row][vc_row][vc_column][vc_column_text]<\/p>\r\n<p>Non riesci a portarci il tuo dispositivo? Nessun problema! Prenota qui di seguito il ritiro da parte di un corriere del tuo dispositivo!<\/p>\r\n\r\n<p>&nbsp;<\/p>\r\n<p>Compila il modulo qui sotto e a tutto ci pensiamo noi!<\/p>\r\n<p>[\/vc_column_text][\/vc_column][\/vc_row][vc_row][vc_column]<div class=\"wpforms-container wpforms-container-full\" id=\"wpforms-2062\"><form id=\"wpforms-form-2062\" class=\"wpforms-validate wpforms-form wpforms-ajax-form\" data-formid=\"2062\" method=\"post\" enctype=\"multipart\/form-data\" action=\"\/index.php?rest_route=%2Fwp%2Fv2%2Fpages%2F2058\" data-token=\"b1b8c3ab99bbcb5b27f68027242c486a\"><noscript class=\"wpforms-error-noscript\">Abilita JavaScript nel browser per completare questo modulo.<\/noscript><div class=\"wpforms-field-container\"><div id=\"wpforms-2062-field_0-container\" class=\"wpforms-field wpforms-field-name\" data-field-id=\"0\"><label class=\"wpforms-field-label\" for=\"wpforms-2062-field_0\">Name <span class=\"wpforms-required-label\">*<\/span><\/label><div class=\"wpforms-field-row wpforms-field-medium\"><div class=\"wpforms-field-row-block wpforms-first wpforms-one-half\"><input type=\"text\" id=\"wpforms-2062-field_0\" class=\"wpforms-field-name-first wpforms-field-required\" name=\"wpforms[fields][0][first]\" placeholder=\"Nome...\" required><label for=\"wpforms-2062-field_0\" class=\"wpforms-field-sublabel after \">Nome<\/label><\/div><div class=\"wpforms-field-row-block wpforms-one-half\"><input type=\"text\" id=\"wpforms-2062-field_0-last\" class=\"wpforms-field-name-last wpforms-field-required\" name=\"wpforms[fields][0][last]\" placeholder=\"Cognome...\" required><label for=\"wpforms-2062-field_0-last\" class=\"wpforms-field-sublabel after \">Cognome<\/label><\/div><\/div><\/div><div id=\"wpforms-2062-field_10-container\" class=\"wpforms-field wpforms-field-email\" data-field-id=\"10\"><label class=\"wpforms-field-label\" for=\"wpforms-2062-field_10\">Email <span class=\"wpforms-required-label\">*<\/span><\/label><input type=\"email\" id=\"wpforms-2062-field_10\" class=\"wpforms-field-medium wpforms-field-required\" name=\"wpforms[fields][10]\" placeholder=\"Email...\" required><div class=\"wpforms-field-description\">Non verr\u00e0 utilizzato per fini di marketing o ceduto a terzi. L'indirizzo email servir\u00e0 solo per le comunicazioni riguardanti la riparazione.<\/div><\/div><div id=\"wpforms-2062-field_9-container\" class=\"wpforms-field wpforms-field-text\" data-field-id=\"9\"><label class=\"wpforms-field-label\" for=\"wpforms-2062-field_9\">Telefono <span class=\"wpforms-required-label\">*<\/span><\/label><input type=\"text\" id=\"wpforms-2062-field_9\" class=\"wpforms-field-medium wpforms-field-required\" name=\"wpforms[fields][9]\" placeholder=\"Cellulare o Fisso...\" required><div class=\"wpforms-field-description\">Cellulare o Fisso. Non verr\u00e0 utilizzato per fini di marketing o ceduto a terzi. Il numero servir\u00e0 solo per le comunicazioni riguardanti la riparazione.<\/div><\/div><div id=\"wpforms-2062-field_4-container\" class=\"wpforms-field wpforms-field-text\" data-field-id=\"4\"><label class=\"wpforms-field-label\" for=\"wpforms-2062-field_4\">Indirizzo <span class=\"wpforms-required-label\">*<\/span><\/label><input type=\"text\" id=\"wpforms-2062-field_4\" class=\"wpforms-field-medium wpforms-field-required\" name=\"wpforms[fields][4]\" placeholder=\"Indirizzo...\" required><div class=\"wpforms-field-description\">Indirizzo al quale inviare il corriere per il ritiro e la riconsegna<\/div><\/div><div id=\"wpforms-2062-field_3-container\" class=\"wpforms-field wpforms-field-text\" data-field-id=\"3\"><label class=\"wpforms-field-label\" for=\"wpforms-2062-field_3\">CAP <span class=\"wpforms-required-label\">*<\/span><\/label><input type=\"text\" id=\"wpforms-2062-field_3\" class=\"wpforms-field-medium wpforms-field-required wpforms-limit-characters-enabled\" data-form-id=\"2062\" data-field-id=\"3\" data-text-limit=\"5\" name=\"wpforms[fields][3]\" placeholder=\"Cap...\" maxlength=\"5\" required><\/div><div id=\"wpforms-2062-field_5-container\" class=\"wpforms-field wpforms-field-text\" data-field-id=\"5\"><label class=\"wpforms-field-label\" for=\"wpforms-2062-field_5\">Citt\u00e0 <span class=\"wpforms-required-label\">*<\/span><\/label><input type=\"text\" id=\"wpforms-2062-field_5\" class=\"wpforms-field-medium wpforms-field-required\" name=\"wpforms[fields][5]\" placeholder=\"Citt\u00e0...\" required><\/div><div id=\"wpforms-2062-field_7-container\" class=\"wpforms-field wpforms-field-text\" data-field-id=\"7\"><label class=\"wpforms-field-label\" for=\"wpforms-2062-field_7\">Dispositivo (Marca, Modello) <span class=\"wpforms-required-label\">*<\/span><\/label><input type=\"text\" id=\"wpforms-2062-field_7\" class=\"wpforms-field-medium wpforms-field-required\" name=\"wpforms[fields][7]\" placeholder=\"Apple, HP, Acer, Lenovo, ecc...\" required><div class=\"wpforms-field-description\">Si prega di indicare correttamente la marca del dispositivo e il modello.<\/div><\/div><div id=\"wpforms-2062-field_16-container\" class=\"wpforms-field wpforms-field-text\" data-field-id=\"16\"><label class=\"wpforms-field-label\" for=\"wpforms-2062-field_16\">Serial Number \/ IMEI <span class=\"wpforms-required-label\">*<\/span><\/label><input type=\"text\" id=\"wpforms-2062-field_16\" class=\"wpforms-field-medium wpforms-field-required\" name=\"wpforms[fields][16]\" required><div class=\"wpforms-field-description\">Inserire il seriale o l'IMEI del dispositivo<\/div><\/div><div id=\"wpforms-2062-field_2-container\" class=\"wpforms-field wpforms-field-textarea\" data-field-id=\"2\"><label class=\"wpforms-field-label\" for=\"wpforms-2062-field_2\">Descrizione del problema <span class=\"wpforms-required-label\">*<\/span><\/label><textarea id=\"wpforms-2062-field_2\" class=\"wpforms-field-medium wpforms-field-required\" name=\"wpforms[fields][2]\" placeholder=\"Non si accende, non visualizza nulla a schermo, ecc...\" required><\/textarea><\/div><div id=\"wpforms-2062-field_14-container\" class=\"wpforms-field wpforms-field-textarea\" data-field-id=\"14\"><label class=\"wpforms-field-label\" for=\"wpforms-2062-field_14\">Cosa compende la spedizione? <span class=\"wpforms-required-label\">*<\/span><\/label><textarea id=\"wpforms-2062-field_14\" class=\"wpforms-field-medium wpforms-field-required\" name=\"wpforms[fields][14]\" placeholder=\"Alimentatore, solo dispositivo, accessori, ecc...\" required><\/textarea><div class=\"wpforms-field-description\">Elencare tutto il contenuto della spedizione (dispositivi, accessori, alimentatori, ecc...)<\/div><\/div><div id=\"wpforms-2062-field_13-container\" class=\"wpforms-field wpforms-field-radio\" data-field-id=\"13\"><label class=\"wpforms-field-label\" for=\"wpforms-2062-field_13\">Tipo di spedizione (Il costo sar\u00e0 da affrontare solo nel caso in cui il dispositivo NON fosse riparabile) <span class=\"wpforms-required-label\">*<\/span><\/label><ul id=\"wpforms-2062-field_13\" class=\"wpforms-field-required\"><li class=\"choice-3 depth-1\"><input type=\"radio\" id=\"wpforms-2062-field_13_3\" name=\"wpforms[fields][13]\" value=\"15\u20ac\u00a0Spedizione a carico del cliente + Diagnosi + Spedizione di ritorno\" required ><label class=\"wpforms-field-label-inline\" for=\"wpforms-2062-field_13_3\">15\u20ac\u00a0Spedizione a carico del cliente + Diagnosi + Spedizione di ritorno<\/label><\/li><li class=\"choice-2 depth-1\"><input type=\"radio\" id=\"wpforms-2062-field_13_2\" name=\"wpforms[fields][13]\" value=\"15\u20ac Ritiro del dispositivo a domicilio con corriere + Diagnosi + smaltimento da parte di RF Computer\" required ><label class=\"wpforms-field-label-inline\" for=\"wpforms-2062-field_13_2\">15\u20ac Ritiro del dispositivo a domicilio con corriere + Diagnosi + smaltimento da parte di RF Computer<\/label><\/li><li class=\"choice-1 depth-1\"><input type=\"radio\" id=\"wpforms-2062-field_13_1\" name=\"wpforms[fields][13]\" value=\"40\u20ac Ritiro del dispositivo a domicilio con corriere + Diagnosi + Spedizione di ritorno\" required ><label class=\"wpforms-field-label-inline\" for=\"wpforms-2062-field_13_1\">40\u20ac Ritiro del dispositivo a domicilio con corriere + Diagnosi + Spedizione di ritorno<\/label><\/li><\/ul><div class=\"wpforms-field-description\">Se il dispositivo che ci hai inviato non dovesse essere pi\u00f9 riparabile qui puoi scegliere cosa fare. Puoi decidere se riaverlo indietro oppure cedere il tuo dispositivo alla ditta \"RF Computer di Rompon Francesco\" la quale si preder\u00e0 la libert\u00e0 di smaltirlo come pi\u00f9 ritiene opportuno.<\/div><\/div><div id=\"wpforms-2062-field_6-container\" class=\"wpforms-field wpforms-field-checkbox\" data-field-id=\"6\"><label class=\"wpforms-field-label\" for=\"wpforms-2062-field_6\">Autorizzazione al trattamento dei dati ai fini della corretta elaborazione della richiesta <span class=\"wpforms-required-label\">*<\/span><\/label><ul id=\"wpforms-2062-field_6\" class=\"wpforms-field-required\"><li class=\"choice-1 depth-1\"><input type=\"checkbox\" id=\"wpforms-2062-field_6_1\" name=\"wpforms[fields][6][]\" value=\"Autorizzo al trattamento dei dati\" required ><label class=\"wpforms-field-label-inline\" for=\"wpforms-2062-field_6_1\">Autorizzo al trattamento dei dati<\/label><\/li><li class=\"choice-2 depth-1\"><input type=\"checkbox\" id=\"wpforms-2062-field_6_2\" name=\"wpforms[fields][6][]\" value=\"Dichiaro di essere consapevole che il dispositivo sopra citato verr\u00e0 spedito, trattato e restituito dall&#039;azienda &quot;RF Computer Di Rompon Francesco&quot;.\" required ><label class=\"wpforms-field-label-inline\" for=\"wpforms-2062-field_6_2\">Dichiaro di essere consapevole che il dispositivo sopra citato verr\u00e0 spedito, trattato e restituito dall'azienda \"RF Computer Di Rompon Francesco\".<\/label><\/li><li class=\"choice-3 depth-1\"><input type=\"checkbox\" id=\"wpforms-2062-field_6_3\" name=\"wpforms[fields][6][]\" value=\"Escludo la ditta &quot;RF Computer Di Rompon Francesco&quot; da evenutali guasti scoperti dopo la diagnosi anche se non precedentemente specificati. Inoltre sono consapevole che il dispositivo verr\u00e0 smaltito qualora il pagamento non venisse effettuato entro 30 giorni dalla comunicazione di pagamento.\" required ><label class=\"wpforms-field-label-inline\" for=\"wpforms-2062-field_6_3\">Escludo la ditta \"RF Computer Di Rompon Francesco\" da evenutali guasti scoperti dopo la diagnosi anche se non precedentemente specificati. Inoltre sono consapevole che il dispositivo verr\u00e0 smaltito qualora il pagamento non venisse effettuato entro 30 giorni dalla comunicazione di pagamento.<\/label><\/li><\/ul><div class=\"wpforms-field-description\">Tutti i campi sono obbligatori al fine di procedere con la riparazione<\/div><\/div><\/div><div class=\"wpforms-submit-container\"><input type=\"hidden\" name=\"wpforms[id]\" value=\"2062\"><input type=\"hidden\" name=\"wpforms[author]\" value=\"1\"><button type=\"submit\" name=\"wpforms[submit]\" id=\"wpforms-submit-2062\" class=\"wpforms-submit\" data-alt-text=\"Richiesta in corso...\" data-submit-text=\"Invia richiesta\" aria-live=\"assertive\" value=\"wpforms-submit\">Invia richiesta<\/button><img loading=\"lazy\" decoding=\"async\" src=\"https:\/\/www.rfcomputer.it\/wp-content\/plugins\/wpforms\/assets\/images\/submit-spin.svg\" class=\"wpforms-submit-spinner\" style=\"display: none;\" width=\"26\" height=\"26\" alt=\"Caricamento\"><\/div><\/form><\/div>  <!-- .wpforms-container -->[\/vc_column][\/vc_row]<\/p>","protected":false},"excerpt":{"rendered":"<p>[vc_row][vc_column][vc_single_image image=&#8221;2065&#8243; img_size=&#8221;large&#8221; alignment=&#8221;center&#8221; css_animation=&#8221;fadeInUp&#8221;][\/vc_column][\/vc_row][vc_row][vc_column][vc_column_text] Non riesci a portarci il tuo dispositivo? Nessun problema! Prenota qui di seguito il ritiro da parte di un corriere del tuo dispositivo! &nbsp; Compila il modulo qui sotto e a tutto ci pensiamo noi! [\/vc_column_text][\/vc_column][\/vc_row][vc_row][vc_column][\/vc_column][\/vc_row]<\/p>\n","protected":false},"author":1,"featured_media":0,"parent":0,"menu_order":0,"comment_status":"closed","ping_status":"closed","template":"","meta":{"footnotes":""},"class_list":["post-2058","page","type-page","status-publish","hentry"],"yoast_head":"<!-- This site is optimized with the Yoast SEO plugin v27.5 - https:\/\/yoast.com\/product\/yoast-seo-wordpress\/ -->\n<title>Spediscici la tua riparazione - RF Computer<\/title>\n<meta name=\"description\" content=\"Non riesci a venire nel nostro centro? Spediscici la tua riparazione! Ti manderemo un corriere a casa per ritirare il tuo dispositivo\" \/>\n<meta name=\"robots\" content=\"index, follow, max-snippet:-1, max-image-preview:large, max-video-preview:-1\" \/>\n<link rel=\"canonical\" href=\"https:\/\/www.rfcomputer.it\/?page_id=2058\" \/>\n<meta property=\"og:locale\" content=\"it_IT\" \/>\n<meta property=\"og:type\" content=\"article\" \/>\n<meta property=\"og:title\" content=\"Spediscici la tua riparazione - RF Computer\" \/>\n<meta property=\"og:description\" content=\"Non riesci a venire nel nostro centro? Spediscici la tua riparazione! Ti manderemo un corriere a casa per ritirare il tuo dispositivo\" \/>\n<meta property=\"og:url\" content=\"https:\/\/www.rfcomputer.it\/?page_id=2058\" \/>\n<meta property=\"og:site_name\" content=\"RF Computer\" \/>\n<meta name=\"twitter:card\" content=\"summary_large_image\" \/>\n<meta name=\"twitter:label1\" content=\"Tempo di lettura stimato\" \/>\n\t<meta name=\"twitter:data1\" content=\"1 minuto\" \/>\n<script type=\"application\/ld+json\" class=\"yoast-schema-graph\">{\"@context\":\"https:\\\/\\\/schema.org\",\"@graph\":[{\"@type\":\"WebPage\",\"@id\":\"https:\\\/\\\/www.rfcomputer.it\\\/?page_id=2058\",\"url\":\"https:\\\/\\\/www.rfcomputer.it\\\/?page_id=2058\",\"name\":\"Spediscici la tua riparazione - RF Computer\",\"isPartOf\":{\"@id\":\"https:\\\/\\\/www.rfcomputer.it\\\/#website\"},\"datePublished\":\"2022-03-10T16:17:28+00:00\",\"description\":\"Non riesci a venire nel nostro centro? Spediscici la tua riparazione! Ti manderemo un corriere a casa per ritirare il tuo dispositivo\",\"breadcrumb\":{\"@id\":\"https:\\\/\\\/www.rfcomputer.it\\\/?page_id=2058#breadcrumb\"},\"inLanguage\":\"it-IT\",\"potentialAction\":[{\"@type\":\"ReadAction\",\"target\":[\"https:\\\/\\\/www.rfcomputer.it\\\/?page_id=2058\"]}]},{\"@type\":\"BreadcrumbList\",\"@id\":\"https:\\\/\\\/www.rfcomputer.it\\\/?page_id=2058#breadcrumb\",\"itemListElement\":[{\"@type\":\"ListItem\",\"position\":1,\"name\":\"Home\",\"item\":\"https:\\\/\\\/www.rfcomputer.it\\\/\"},{\"@type\":\"ListItem\",\"position\":2,\"name\":\"Spediscici la tua riparazione\"}]},{\"@type\":\"WebSite\",\"@id\":\"https:\\\/\\\/www.rfcomputer.it\\\/#website\",\"url\":\"https:\\\/\\\/www.rfcomputer.it\\\/\",\"name\":\"RF Computer\",\"description\":\"Ripariamo l&#039;irriparabile\",\"publisher\":{\"@id\":\"https:\\\/\\\/www.rfcomputer.it\\\/#organization\"},\"potentialAction\":[{\"@type\":\"SearchAction\",\"target\":{\"@type\":\"EntryPoint\",\"urlTemplate\":\"https:\\\/\\\/www.rfcomputer.it\\\/?s={search_term_string}\"},\"query-input\":{\"@type\":\"PropertyValueSpecification\",\"valueRequired\":true,\"valueName\":\"search_term_string\"}}],\"inLanguage\":\"it-IT\"},{\"@type\":\"Organization\",\"@id\":\"https:\\\/\\\/www.rfcomputer.it\\\/#organization\",\"name\":\"RF computer\",\"url\":\"https:\\\/\\\/www.rfcomputer.it\\\/\",\"logo\":{\"@type\":\"ImageObject\",\"inLanguage\":\"it-IT\",\"@id\":\"https:\\\/\\\/www.rfcomputer.it\\\/#\\\/schema\\\/logo\\\/image\\\/\",\"url\":\"https:\\\/\\\/www.rfcomputer.it\\\/wp-content\\\/uploads\\\/2022\\\/01\\\/logoRF.png\",\"contentUrl\":\"https:\\\/\\\/www.rfcomputer.it\\\/wp-content\\\/uploads\\\/2022\\\/01\\\/logoRF.png\",\"width\":1126,\"height\":240,\"caption\":\"RF computer\"},\"image\":{\"@id\":\"https:\\\/\\\/www.rfcomputer.it\\\/#\\\/schema\\\/logo\\\/image\\\/\"}}]}<\/script>\n<!-- \/ Yoast SEO plugin. -->","yoast_head_json":{"title":"Spediscici la tua riparazione - RF Computer","description":"Non riesci a venire nel nostro centro? Spediscici la tua riparazione! Ti manderemo un corriere a casa per ritirare il tuo dispositivo","robots":{"index":"index","follow":"follow","max-snippet":"max-snippet:-1","max-image-preview":"max-image-preview:large","max-video-preview":"max-video-preview:-1"},"canonical":"https:\/\/www.rfcomputer.it\/?page_id=2058","og_locale":"it_IT","og_type":"article","og_title":"Spediscici la tua riparazione - RF Computer","og_description":"Non riesci a venire nel nostro centro? Spediscici la tua riparazione! Ti manderemo un corriere a casa per ritirare il tuo dispositivo","og_url":"https:\/\/www.rfcomputer.it\/?page_id=2058","og_site_name":"RF Computer","twitter_card":"summary_large_image","twitter_misc":{"Tempo di lettura stimato":"1 minuto"},"schema":{"@context":"https:\/\/schema.org","@graph":[{"@type":"WebPage","@id":"https:\/\/www.rfcomputer.it\/?page_id=2058","url":"https:\/\/www.rfcomputer.it\/?page_id=2058","name":"Spediscici la tua riparazione - RF Computer","isPartOf":{"@id":"https:\/\/www.rfcomputer.it\/#website"},"datePublished":"2022-03-10T16:17:28+00:00","description":"Non riesci a venire nel nostro centro? Spediscici la tua riparazione! Ti manderemo un corriere a casa per ritirare il tuo dispositivo","breadcrumb":{"@id":"https:\/\/www.rfcomputer.it\/?page_id=2058#breadcrumb"},"inLanguage":"it-IT","potentialAction":[{"@type":"ReadAction","target":["https:\/\/www.rfcomputer.it\/?page_id=2058"]}]},{"@type":"BreadcrumbList","@id":"https:\/\/www.rfcomputer.it\/?page_id=2058#breadcrumb","itemListElement":[{"@type":"ListItem","position":1,"name":"Home","item":"https:\/\/www.rfcomputer.it\/"},{"@type":"ListItem","position":2,"name":"Spediscici la tua riparazione"}]},{"@type":"WebSite","@id":"https:\/\/www.rfcomputer.it\/#website","url":"https:\/\/www.rfcomputer.it\/","name":"RF Computer","description":"Ripariamo l&#039;irriparabile","publisher":{"@id":"https:\/\/www.rfcomputer.it\/#organization"},"potentialAction":[{"@type":"SearchAction","target":{"@type":"EntryPoint","urlTemplate":"https:\/\/www.rfcomputer.it\/?s={search_term_string}"},"query-input":{"@type":"PropertyValueSpecification","valueRequired":true,"valueName":"search_term_string"}}],"inLanguage":"it-IT"},{"@type":"Organization","@id":"https:\/\/www.rfcomputer.it\/#organization","name":"RF computer","url":"https:\/\/www.rfcomputer.it\/","logo":{"@type":"ImageObject","inLanguage":"it-IT","@id":"https:\/\/www.rfcomputer.it\/#\/schema\/logo\/image\/","url":"https:\/\/www.rfcomputer.it\/wp-content\/uploads\/2022\/01\/logoRF.png","contentUrl":"https:\/\/www.rfcomputer.it\/wp-content\/uploads\/2022\/01\/logoRF.png","width":1126,"height":240,"caption":"RF computer"},"image":{"@id":"https:\/\/www.rfcomputer.it\/#\/schema\/logo\/image\/"}}]}},"_links":{"self":[{"href":"https:\/\/www.rfcomputer.it\/index.php?rest_route=\/wp\/v2\/pages\/2058","targetHints":{"allow":["GET"]}}],"collection":[{"href":"https:\/\/www.rfcomputer.it\/index.php?rest_route=\/wp\/v2\/pages"}],"about":[{"href":"https:\/\/www.rfcomputer.it\/index.php?rest_route=\/wp\/v2\/types\/page"}],"author":[{"embeddable":true,"href":"https:\/\/www.rfcomputer.it\/index.php?rest_route=\/wp\/v2\/users\/1"}],"replies":[{"embeddable":true,"href":"https:\/\/www.rfcomputer.it\/index.php?rest_route=%2Fwp%2Fv2%2Fcomments&post=2058"}],"version-history":[{"count":7,"href":"https:\/\/www.rfcomputer.it\/index.php?rest_route=\/wp\/v2\/pages\/2058\/revisions"}],"predecessor-version":[{"id":2067,"href":"https:\/\/www.rfcomputer.it\/index.php?rest_route=\/wp\/v2\/pages\/2058\/revisions\/2067"}],"wp:attachment":[{"href":"https:\/\/www.rfcomputer.it\/index.php?rest_route=%2Fwp%2Fv2%2Fmedia&parent=2058"}],"curies":[{"name":"wp","href":"https:\/\/api.w.org\/{rel}","templated":true}]}}